{"id":240,"date":"2021-07-30T22:16:56","date_gmt":"2021-07-30T22:16:56","guid":{"rendered":"https:\/\/diyinsumos.com\/?post_type=product&#038;p=240"},"modified":"2022-09-15T17:47:39","modified_gmt":"2022-09-15T17:47:39","slug":"kit-de-cuchillas-para-manualidades","status":"publish","type":"product","link":"https:\/\/diyinsumos.com\/index.php\/product\/kit-de-cuchillas-para-manualidades\/","title":{"rendered":"Kit de Cuchillas para Manualidades"},"content":{"rendered":"<p><strong>El paquete incluye:<\/strong><\/p>\n<ul>\n<li>2 cuchillos para tallar.<\/li>\n<li>1 tabla de cortar de PVC A5.<\/li>\n<li>1 x cuchillas SK-5 Art<\/li>\n<li>45 cuchillas SK5 de alto carbono.<\/li>\n<li>1 cuchillo de arte.<\/li>\n<\/ul>\n<p><strong>Recomendaciones:\u00a0<\/strong><\/p>\n<ul>\n<li>Las Cuchillas y la hoja de repuesto son muy afiladas. Mantener alejado de beb\u00e9s y ni\u00f1os.<\/li>\n<li>El lubricante en la cuchilla puede mantener la cuchilla afilada. Por favor, l\u00edmpielo antes de su uso normal.<\/li>\n<\/ul>\n<p><strong>Fabricante:<\/strong> MOUBANE<\/p>\n<p><strong>Peso del Producto:<\/strong> 8.8 onzas<\/p>\n<p><strong>Dimensiones del Paquete:<\/strong> 9.72 x 6.93 x 0.75 pulgadas<\/p>\n","protected":false},"excerpt":{"rendered":"<p>Kit de navajas de manualidades est\u00e1 fabricado con material de alta calidad, la hoja de acero afilado es duradera y pr\u00e1ctica. Incluye tabla de cortar de PVC A5 con construcci\u00f3n duradera de 5 capas para proteger tus cuchillos de manualidades y hacer que la hoja sea m\u00e1s duradera<\/p>\n","protected":false},"featured_media":241,"comment_status":"open","ping_status":"closed","template":"","meta":{"om_disable_all_campaigns":false,"_monsterinsights_skip_tracking":false,"_monsterinsights_sitenote_active":false,"_monsterinsights_sitenote_note":"","_monsterinsights_sitenote_category":0},"product_brand":[],"product_cat":[19],"product_tag":[86,83,92,93],"class_list":{"0":"post-240","1":"product","2":"type-product","3":"status-publish","4":"has-post-thumbnail","6":"product_cat-manualidades","7":"product_tag-arte","8":"product_tag-manualidades","9":"product_tag-navajas","10":"product_tag-tapete-de-corte","12":"first","13":"instock","14":"shipping-taxable","15":"purchasable","16":"product-type-simple"},"aioseo_notices":[],"jetpack-related-posts":[],"jetpack_sharing_enabled":true,"_links":{"self":[{"href":"https:\/\/diyinsumos.com\/index.php\/wp-json\/wp\/v2\/product\/240","targetHints":{"allow":["GET"]}}],"collection":[{"href":"https:\/\/diyinsumos.com\/index.php\/wp-json\/wp\/v2\/product"}],"about":[{"href":"https:\/\/diyinsumos.com\/index.php\/wp-json\/wp\/v2\/types\/product"}],"replies":[{"embeddable":true,"href":"https:\/\/diyinsumos.com\/index.php\/wp-json\/wp\/v2\/comments?post=240"}],"wp:featuredmedia":[{"embeddable":true,"href":"https:\/\/diyinsumos.com\/index.php\/wp-json\/wp\/v2\/media\/241"}],"wp:attachment":[{"href":"https:\/\/diyinsumos.com\/index.php\/wp-json\/wp\/v2\/media?parent=240"}],"wp:term":[{"taxonomy":"product_brand","embeddable":true,"href":"https:\/\/diyinsumos.com\/index.php\/wp-json\/wp\/v2\/product_brand?post=240"},{"taxonomy":"product_cat","embeddable":true,"href":"https:\/\/diyinsumos.com\/index.php\/wp-json\/wp\/v2\/product_cat?post=240"},{"taxonomy":"product_tag","embeddable":true,"href":"https:\/\/diyinsumos.com\/index.php\/wp-json\/wp\/v2\/product_tag?post=240"}],"curies":[{"name":"wp","href":"https:\/\/api.w.org\/{rel}","templated":true}]}}