{"id":426,"date":"2021-10-06T21:27:53","date_gmt":"2021-10-06T21:27:53","guid":{"rendered":"https:\/\/diyinsumos.com\/?post_type=product&#038;p=426"},"modified":"2024-01-30T14:58:17","modified_gmt":"2024-01-30T14:58:17","slug":"juego-de-sellos-para-metal","status":"publish","type":"product","link":"https:\/\/diyinsumos.com\/index.php\/product\/juego-de-sellos-para-metal\/","title":{"rendered":"Juego de Sellos para Metal"},"content":{"rendered":"<p>El tama\u00f1o de cada sello es de 0.118\u00a0in (0.3cm). Las herramientas de estampado de letras y n\u00fameros incluyen una bolsa de tela Oxford, haci\u00e9ndolas f\u00e1cil de\u00a0llevar al lugar donde se necesitan.<\/p>\n<p>Es adecuado para grabar en materiales como aluminio, lat\u00f3n, esta\u00f1o, cobre, n\u00edquel, plata, madera y cuero.<\/p>\n","protected":false},"excerpt":{"rendered":"<p class=\"a-size-large a-spacing-none\"><span class=\"a-size-large product-title-word-break\">Juego de 37 sellos de n\u00fameros y letras. Letras de la <strong>\u00ab<\/strong><\/span><span class=\"a-size-large product-title-word-break\"><strong>A\u00bb<\/strong> a la <strong>\u00abZ\u00bb<\/strong> y n\u00fameros del <strong>\u00ab0\u00bb<\/strong> al <strong>\u00ab9\u00bb<\/strong> + Un sello <strong>Love<\/strong> (Coraz\u00f3n). \u00a0Las piezas est\u00e1n elaboradas\u00a0<\/span><span id=\"productTitle\" class=\"a-size-large product-title-word-break\">de acero al carbono galvanizado, ideal para grabar en metal, cuero, madera y joyer\u00eda.\u00a0<\/span><\/p>\n<p>&nbsp;<\/p>\n","protected":false},"featured_media":431,"comment_status":"open","ping_status":"closed","template":"","meta":{"om_disable_all_campaigns":false,"_monsterinsights_skip_tracking":false,"_monsterinsights_sitenote_active":false,"_monsterinsights_sitenote_note":"","_monsterinsights_sitenote_category":0},"product_brand":[],"product_cat":[18],"product_tag":[],"class_list":{"0":"post-426","1":"product","2":"type-product","3":"status-publish","4":"has-post-thumbnail","6":"product_cat-bisuteria","8":"first","9":"outofstock","10":"shipping-taxable","11":"purchasable","12":"product-type-simple"},"aioseo_notices":[],"jetpack-related-posts":[],"jetpack_sharing_enabled":true,"_links":{"self":[{"href":"https:\/\/diyinsumos.com\/index.php\/wp-json\/wp\/v2\/product\/426","targetHints":{"allow":["GET"]}}],"collection":[{"href":"https:\/\/diyinsumos.com\/index.php\/wp-json\/wp\/v2\/product"}],"about":[{"href":"https:\/\/diyinsumos.com\/index.php\/wp-json\/wp\/v2\/types\/product"}],"replies":[{"embeddable":true,"href":"https:\/\/diyinsumos.com\/index.php\/wp-json\/wp\/v2\/comments?post=426"}],"wp:featuredmedia":[{"embeddable":true,"href":"https:\/\/diyinsumos.com\/index.php\/wp-json\/wp\/v2\/media\/431"}],"wp:attachment":[{"href":"https:\/\/diyinsumos.com\/index.php\/wp-json\/wp\/v2\/media?parent=426"}],"wp:term":[{"taxonomy":"product_brand","embeddable":true,"href":"https:\/\/diyinsumos.com\/index.php\/wp-json\/wp\/v2\/product_brand?post=426"},{"taxonomy":"product_cat","embeddable":true,"href":"https:\/\/diyinsumos.com\/index.php\/wp-json\/wp\/v2\/product_cat?post=426"},{"taxonomy":"product_tag","embeddable":true,"href":"https:\/\/diyinsumos.com\/index.php\/wp-json\/wp\/v2\/product_tag?post=426"}],"curies":[{"name":"wp","href":"https:\/\/api.w.org\/{rel}","templated":true}]}}