{"id":559,"date":"2022-02-15T22:36:34","date_gmt":"2022-02-15T22:36:34","guid":{"rendered":"https:\/\/diyinsumos.com\/?post_type=product&#038;p=559"},"modified":"2024-05-27T14:02:32","modified_gmt":"2024-05-27T14:02:32","slug":"juego-de-herramientas-para-trabajos-en-arcilla-escultura-y-ceramica","status":"publish","type":"product","link":"https:\/\/diyinsumos.com\/index.php\/product\/juego-de-herramientas-para-trabajos-en-arcilla-escultura-y-ceramica\/","title":{"rendered":"Juego de Herramientas para trabajos en Arcilla, Escultura y Cer\u00e1mica"},"content":{"rendered":"<p><span class=\"a-list-item\"><strong>El paquete incluye:<\/strong> un juego completo de herramientas de trabajo de arcilla, incluyendo 5 herramientas de tallado y moldeado de madera, 5 l\u00e1pices de bola con mango de madera, 5 herramientas de escultura de arcilla de silicona, 4 l\u00e1pices de bola con mango de goma, 4 l\u00e1pices de pl\u00e1stico, 1 esponja de cer\u00e1mica en una bolsa para almacenar las herramientas.\u00a0<\/span><\/p>\n","protected":false},"excerpt":{"rendered":"<p>Set de herramientas variadas para trabajar con arcilla, escultura o cer\u00e1mica. Est\u00e1n elaboradas de cabeza de metal de alta calidad, mango de madera y pl\u00e1stico.<\/p>\n","protected":false},"featured_media":560,"comment_status":"open","ping_status":"closed","template":"","meta":{"om_disable_all_campaigns":false,"_monsterinsights_skip_tracking":false,"_monsterinsights_sitenote_active":false,"_monsterinsights_sitenote_note":"","_monsterinsights_sitenote_category":0},"product_brand":[],"product_cat":[19],"product_tag":[],"class_list":{"0":"post-559","1":"product","2":"type-product","3":"status-publish","4":"has-post-thumbnail","6":"product_cat-manualidades","8":"first","9":"outofstock","10":"shipping-taxable","11":"purchasable","12":"product-type-simple"},"aioseo_notices":[],"jetpack-related-posts":[],"jetpack_sharing_enabled":true,"_links":{"self":[{"href":"https:\/\/diyinsumos.com\/index.php\/wp-json\/wp\/v2\/product\/559","targetHints":{"allow":["GET"]}}],"collection":[{"href":"https:\/\/diyinsumos.com\/index.php\/wp-json\/wp\/v2\/product"}],"about":[{"href":"https:\/\/diyinsumos.com\/index.php\/wp-json\/wp\/v2\/types\/product"}],"replies":[{"embeddable":true,"href":"https:\/\/diyinsumos.com\/index.php\/wp-json\/wp\/v2\/comments?post=559"}],"wp:featuredmedia":[{"embeddable":true,"href":"https:\/\/diyinsumos.com\/index.php\/wp-json\/wp\/v2\/media\/560"}],"wp:attachment":[{"href":"https:\/\/diyinsumos.com\/index.php\/wp-json\/wp\/v2\/media?parent=559"}],"wp:term":[{"taxonomy":"product_brand","embeddable":true,"href":"https:\/\/diyinsumos.com\/index.php\/wp-json\/wp\/v2\/product_brand?post=559"},{"taxonomy":"product_cat","embeddable":true,"href":"https:\/\/diyinsumos.com\/index.php\/wp-json\/wp\/v2\/product_cat?post=559"},{"taxonomy":"product_tag","embeddable":true,"href":"https:\/\/diyinsumos.com\/index.php\/wp-json\/wp\/v2\/product_tag?post=559"}],"curies":[{"name":"wp","href":"https:\/\/api.w.org\/{rel}","templated":true}]}}